{"id":299,"date":"2023-02-13T16:01:55","date_gmt":"2023-02-13T15:01:55","guid":{"rendered":"http:\/\/www.cnr-arbovirus.fr\/www\/?page_id=299"},"modified":"2024-03-12T11:28:03","modified_gmt":"2024-03-12T10:28:03","slug":"faq-comptes-rendus-dematerialises","status":"publish","type":"page","link":"https:\/\/cnr-arbovirus.fr\/public\/index.php\/faq-comptes-rendus-dematerialises\/","title":{"rendered":"FAQ: comptes rendus d\u00e9mat\u00e9rialis\u00e9s"},"content":{"rendered":"\n<p><strong>1- Est-ce possible d\u2019envoyer le CR \u00e0 plusieurs personnes (plusieurs courriels)&nbsp;?<\/strong><\/p>\n\n\n\n<p>Oui tout \u00e0 fait. Il suffit de pr\u00e9ciser les adresses email sur la fiche de renseignement.<\/p>\n\n\n\n<p><strong>2- Je n&rsquo;ai pas re\u00e7u le compte rendu alors que j&rsquo;ai bien mis mon adresse email sur la fiche de renseignement<\/strong><\/p>\n\n\n\n<p>Tout d&rsquo;abord, nous vous prions de bien vouloir v\u00e9rifier dans vos spams. Si ce n&rsquo;est pas le cas, il y a plusieurs possibilit\u00e9s (\u00e9chantillon non re\u00e7u, fiche de renseignement qui ne nous est pas parvenue, analyses encore en cours, &#8230;) et le plus simple est que vous nous contactiez par email \u00e0 l&rsquo;adresse <strong>cnr-arbovirus.u1207@inserm.fr<\/strong> en mettant comme objet \u00ab\u00a0<strong>Pb reception du CR par emai<\/strong>l\u00a0\u00bb. Pr\u00e9cisez bien dans le mail : la date de naissance du patient, votre identit\u00e9 ainsi que vos coordonn\u00e9es. Nous ferons tout notre possible pour r\u00e9pondre le plus rapidement possible.<\/p>\n\n\n\n<p><strong>3. Est-ce possible de me faxer le CR, comme avant&nbsp;?<\/strong><\/p>\n\n\n\n<p>Nous souhaitons \u00e9viter au maximum, mais bien s\u00fbr cela reste possible. Pour cela, merci de bien vouloir le sp\u00e9cifier clairement sur la fiche de renseignement, ou via le formulaire \u00ab\u00a0<a href=\"http:\/\/www.cnr-arbovirus.fr\/public\/wp-content\/uploads\/2022\/09\/VIR-EN-006-V3-TRANSMISSION-DES-RESULTATS-PAR-FAX.pdf\">demande d&rsquo;envoi de r\u00e9sultats par fax<\/a>\u00ab\u00a0.<\/p>\n","protected":false},"excerpt":{"rendered":"<p>1- Est-ce possible d\u2019envoyer le CR \u00e0 plusieurs personnes (plusieurs courriels)&nbsp;? Oui tout \u00e0 fait. Il suffit de pr\u00e9ciser les adresses email sur la fiche de renseignement. 2- Je n&rsquo;ai pas re\u00e7u le compte rendu alors que j&rsquo;ai bien mis mon adresse email sur la fiche de renseignement Tout d&rsquo;abord, nous vous prions de bien &hellip; <a href=\"https:\/\/cnr-arbovirus.fr\/public\/index.php\/faq-comptes-rendus-dematerialises\/\" class=\"more-link\">Continuer la lecture<span class=\"screen-reader-text\"> de &laquo;&nbsp;FAQ: comptes rendus d\u00e9mat\u00e9rialis\u00e9s&nbsp;&raquo;<\/span><\/a><\/p>\n","protected":false},"author":1,"featured_media":0,"parent":0,"menu_order":0,"comment_status":"closed","ping_status":"closed","template":"","meta":{"footnotes":""},"class_list":["post-299","page","type-page","status-publish","hentry"],"_links":{"self":[{"href":"https:\/\/cnr-arbovirus.fr\/public\/index.php\/wp-json\/wp\/v2\/pages\/299","targetHints":{"allow":["GET"]}}],"collection":[{"href":"https:\/\/cnr-arbovirus.fr\/public\/index.php\/wp-json\/wp\/v2\/pages"}],"about":[{"href":"https:\/\/cnr-arbovirus.fr\/public\/index.php\/wp-json\/wp\/v2\/types\/page"}],"author":[{"embeddable":true,"href":"https:\/\/cnr-arbovirus.fr\/public\/index.php\/wp-json\/wp\/v2\/users\/1"}],"replies":[{"embeddable":true,"href":"https:\/\/cnr-arbovirus.fr\/public\/index.php\/wp-json\/wp\/v2\/comments?post=299"}],"version-history":[{"count":4,"href":"https:\/\/cnr-arbovirus.fr\/public\/index.php\/wp-json\/wp\/v2\/pages\/299\/revisions"}],"predecessor-version":[{"id":429,"href":"https:\/\/cnr-arbovirus.fr\/public\/index.php\/wp-json\/wp\/v2\/pages\/299\/revisions\/429"}],"wp:attachment":[{"href":"https:\/\/cnr-arbovirus.fr\/public\/index.php\/wp-json\/wp\/v2\/media?parent=299"}],"curies":[{"name":"wp","href":"https:\/\/api.w.org\/{rel}","templated":true}]}}